mber?
True
Is 6569306509 a prime number?
True
Is 669054437 composite?
False
Is 18706244989 a prime number?
False
Is 1350919411 prime?
False
Is 14084115139 prime?
True
Is 4893638051 prime?
True
Is 18645721 composite?
False
Is 844817381 prime?
True
Is 13960759151 composite?
False
Is 2498418535 prime?
False
Is 90482235563 composite?
True
Is 3021592349 composite?
False
Is 16476673589 composite?
True
Is 279455047 prime?
True
Is 35318267 prime?
True
Is 2981201107 a prime number?
False
Is 330218971 composite?
True
Is 1283347063 composite?
True
Is 16135747483 a prime number?
False
Is 1380854201 a composite number?
False
Is 25047006527 composite?
True
Is 1304427469 prime?
True
Is 1702170191 composite?
False
Is 3187699721 a prime number?
True
Is 469964897 a prime number?
False
Is 2429548201 prime?
False
Is 389819957 a prime number?
True
Is 1097075929 a composite number?
True
Is 5194614461 composite?
False
Is 3257397967 a composite number?
True
Is 1388559919 a prime number?
False
Is 398664587 a prime number?
False
Is 25912576399 a composite number?
False
Is 11075284589 a composite number?
False
Is 2863678817 composite?
True
Is 85119268251 a composite number?
True
Is 2724229421 composite?
False
Is 4345162273 prime?
False
Is 384204389 prime?
True
Is 471926243 composite?
True
Is 2667357365 a prime number?
False
Is 5311455683 composite?
False
Is 899217853 prime?
True
Is 24585512293 a composite number?
True
Is 2254559453 composite?
True
Is 171152083 a composite number?
True
Is 2517803969 a composite number?
True
Is 37509188413 composite?
True
Is 187080293 a composite number?
False
Is 348504673 prime?
False
Is 3082463407 a prime number?
False
Is 4628312173 a prime number?
False
Is 44034151787 a prime number?
False
Is 6986452687 a prime number?
True
Is 2748349621 prime?
False
Is 88656449299 composite?
True
Is 186330814013 a prime number?
True
Is 11418496339 a prime number?
True
Is 31019927 composite?
False
Is 215947801 a prime number?
True
Is 258202333 a composite number?
True
Is 6866017363 a prime number?
True
Is 796492469 a composite number?
False
Is 1851266629 a prime number?
False
Is 2547461291 a composite number?
False
Is 763549757 prime?
True
Is 12120610661 a prime number?
False
Is 151191707 prime?
True
Is 20225211329 prime?
True
Is 11455748539 a composite number?
False
Is 323420173 a prime number?
False
Is 308216371 a prime number?
True
Is 4810084557 composite?
True
Is 20996262226 prime?
False
Is 4546103 prime?
False
Is 4551600211 a composite number?
False
Is 3740981747 composite?
False
Is 71937849283 composite?
True
Is 37883950567 a prime number?
False
Is 17083552583 composite?
False
Is 2925938437 prime?
True
Is 8567162683 a composite number?
True
Is 1340469127 a composite number?
True
Is 16731675307 prime?
True
Is 1109597402 prime?
False
Is 98858447 composite?
True
Is 1962144119 a prime number?
False
Is 23043280223 a composite number?
False
Is 437908231 composite?
False
Is 6066323023 a composite number?
True
Is 318491417 a composite number?
True
Is 1710182639 a prime number?
False
Is 145103768519 composite?
True
Is 178536609239 prime?
True
Is 13966034479 a prime number?
False
Is 1334262823 composite?
True
Is 11781826807 prime?
False
Is 5613371 composite?
True
Is 469380463 composite?
False
Is 1398260107 a prime number?
True
Is 5037241709 a composite number?
True
Is 96072230011 composite?
False
Is 1941529 a prime number?
False
Is 193360087 prime?
True
Is 294802127 a composite number?
True
Is 198550072493 a composite number?
True
Is 60658963081 composite?
False
Is 1558527353 prime?
False
Is 99649939 a prime number?
False
Is 230133104183 a composite number?
True
Is 15819851581 a composite number?
True
Is 543423011 a prime number?
False
Is 486055289 composite?
True
Is 241317643 composite?
True
Is 6699148873 a prime number?
False
Is 1084876039 composite?
True
Is 6697209751 composite?
True
Is 1171924343 a prime number?
False
Is 1729191301 composite?
False
Is 9655634165 a composite number?
True
Is 4422650494 composite?
True
Is 1813373643 a prime number?
False
Is 82935324929 a prime number?
False
Is 33236431 a composite number?
False
Is 2765121131 composite?
True
Is 26069426527 a prime number?
False
Is 1124715001 prime?
False
Is 638508229 prime?
True
Is 630273358043 composite?
True
Is 1055222053 a composite number?
False
Is 1716442271 composite?
True
Is 7588643449 a prime number?
False
Is 37682969614 a composite number?
True
Is 888330169 prime?
False
Is 7082169929 prime?
True
Is 2848417933 prime?
True
Is 912950333 prime?
True
Is 7731048691 a composite number?
False
Is 73212021329 prime?
False
Is 70372013399 prime?
True
Is 11353494415 prime?
False
Is 39533544949 a prime number?
True
Is 188472197 composite?
False
Is 48948494099 a composite number?
False
Is 50689097353 prime?
False
Is 405792005 a composite number?
True
Is 1867698991 a prime number?
True
Is 613293911 prime?
True
Is 738966185 a prime number?
False
Is 736135819 a prime number?
False
Is 11027408473 a composite number?
True
Is 725171521 prime?
False
Is 16091197379 composite?
True
Is 637922167 composite?
False
Is 53285752291 composite?
True
Is 2225200457 a prime number?
False
Is 1630867691 a composite number?
False
Is 17525606635 composite?
True
Is 438016343 a prime number?
False
Is 349865231 composite?
False
Is 1244279873 a composite number?
False
Is 8748404719 a composite number?
True
Is 3705536533 a prime number?
False
Is 2905065199 prime?
True
Is 343135417 a prime number?
True
Is 20721817349 a prime number?
True
Is 566751953 composite?
True
Is 99254778089 prime?
True
Is 2116486891 composite?
False
Is 234070831997 a composite number?
True
Is 3265098479 composite?
True
Is 2243263723 composite?
True
Is 9961048751 composite?
False
Is 3817367117 composite?
True
Is 536166079 a prime number?
True
Is 152123394593 a composite number?
True
Is 1098238117 a prime number?
True
Is 148749019 prime?
False
Is 166018469 prime?
True
Is 8965756693 a composite number?
False
Is 4741793009 prime?
True
Is 9300210979 a prime number?
True
Is 19233250381 a composite number?
False
Is 147118028267 prime?
False
Is 25519555783 a composite number?
False
Is 625019929 a prime number?
True
Is 22167993041 a composite number?
False
Is 1044856171 prime?
True
Is 25574897809 a composite number?
True
Is 119183969 prime?
False
Is 2142764257 a prime number?
True
Is 5154504587 a prime number?
True
Is 39242202949 a prime number?
True
Is 7719303187 prime?
True
Is 8461632341 a prime number?
False
Is 7267464745 a prime number?
False
Is 13972907089 prime?
False
Is 13542012838 a prime number?
False
Is 178735018991 composite?
True
Is 1255931881 a prime number?
True
Is 208651709 a composite number?
True
Is 18256989533 prime?
False
Is 2252912551 composite?
False
Is 20086483343 a prime number?
True
Is 444262243 a prime number?
False
Is 108983410917 prime?
False
Is 652390751 a composite number?
True
Is 162451976273 a prime number?
True
Is 2470852537 a prime number?
True
Is 5154671051 prime?
False
Is 8154866827 a composite number?
True
Is 8106142439 a composite number?
True
Is 2736382247 a composite number?
False
Is 14754752687 composite?
True
Is 143976671897 a composite number?
False
Is 676660969 a composite number?
True
Is 25645631903 a prime number?
True
Is 267378923863 a prime number?
True
Is 12983098109 a prime number?
True
Is 611775323 prime?
False
Is 228133841 a composite number?
True
Is 1139168269 a composite number?
True
Is 9420822077 prime?
False
Is 8102803 a prime number?
False
Is 1868848897 a prime number?
True
Is 1338058643 prime?
False
Is 2115539521 a composite number?
True
Is 59237900339 a composite number?
True
Is 207122891 a composite number?
False
Is 23989599805 a composite number?
True
Is 113334167 a composite number?
True
Is 42776884147 prime?
True
Is 2127823039 a prime number?
True
Is 55306019 a prime number?
False
Is 343642291 a composite number?
False
Is 424005193 composite?
False
Is 437444753 a composite number?
False
Is 2992302043 a composite number?
False
Is 6935914759 a composite number?
False
Is 33665352781 prime?
True
Is 23580609893 prime?
False
Is 266326261 a prime number?
True
Is 5881668803 a prime number?
False
Is 804275071 prime?
True
Is 12119470163 a prime number?
True
Is 3951668009 a composite number?
False
Is 2427